{"id":3294,"date":"2022-03-21T17:35:26","date_gmt":"2022-03-22T00:35:26","guid":{"rendered":"https:\/\/ww2.revistalocal.com\/principal\/?page_id=3294"},"modified":"2022-05-11T23:55:24","modified_gmt":"2022-05-12T05:55:24","slug":"3294-2","status":"publish","type":"page","link":"https:\/\/ww2.revistalocal.com\/principal\/3294-2\/","title":{"rendered":"Museos"},"content":{"rendered":"<p>[et_pb_section fb_built=\u00bb1&#8243; _builder_version=\u00bb4.10.1&#8243; _module_preset=\u00bbdefault\u00bb background_image=\u00bbhttps:\/\/ww2.revistalocal.com\/principal\/wp-content\/uploads\/2022\/03\/nicole-fahey-kP0GlBTd7PA-unsplash-scaled.jpg\u00bb min_height=\u00bb227px\u00bb global_colors_info=\u00bb{}\u00bb][et_pb_row _builder_version=\u00bb4.10.1&#8243; _module_preset=\u00bbdefault\u00bb min_height=\u00bb41px\u00bb custom_padding=\u00bb51px|||||\u00bb global_colors_info=\u00bb{}\u00bb][et_pb_column type=\u00bb4_4&#8243; _builder_version=\u00bb4.10.1&#8243; _module_preset=\u00bbdefault\u00bb global_colors_info=\u00bb{}\u00bb][et_pb_text _builder_version=\u00bb4.10.1&#8243; _module_preset=\u00bbdefault\u00bb text_font=\u00bbAlegreya SC||||||||\u00bb text_text_color=\u00bb#FFFFFF\u00bb text_font_size=\u00bb27px\u00bb text_letter_spacing=\u00bb11px\u00bb text_text_shadow_style=\u00bbpreset1&#8243; global_colors_info=\u00bb{}\u00bb]<\/p>\n<p style=\"text-align: center;\">MUSEOS<\/p>\n<p>[\/et_pb_text][\/et_pb_column][\/et_pb_row][\/et_pb_section][et_pb_section fb_built=\u00bb1&#8243; _builder_version=\u00bb4.10.1&#8243; _module_preset=\u00bbdefault\u00bb min_height=\u00bb159px\u00bb custom_padding=\u00bb||0px|||\u00bb global_colors_info=\u00bb{}\u00bb][et_pb_row _builder_version=\u00bb4.10.1&#8243; _module_preset=\u00bbdefault\u00bb custom_margin=\u00bb-55px|auto|-50px|auto||\u00bb global_colors_info=\u00bb{}\u00bb][et_pb_column type=\u00bb4_4&#8243; _builder_version=\u00bb4.10.1&#8243; _module_preset=\u00bbdefault\u00bb global_colors_info=\u00bb{}\u00bb][et_pb_button button_url=\u00bbhttps:\/\/ww2.revistalocal.com\/principal\/2831-2\/\u00bb button_text=\u00bbRegresar\u00bb _builder_version=\u00bb4.10.1&#8243; _module_preset=\u00bbdefault\u00bb global_colors_info=\u00bb{}\u00bb][\/et_pb_button][\/et_pb_column][\/et_pb_row][\/et_pb_section][et_pb_section fb_built=\u00bb1&#8243; _builder_version=\u00bb4.10.1&#8243; _module_preset=\u00bbdefault\u00bb custom_margin=\u00bb-56px|||||\u00bb custom_padding=\u00bb0px|||||\u00bb global_colors_info=\u00bb{}\u00bb][et_pb_row column_structure=\u00bb2_5,3_5&#8243; _builder_version=\u00bb4.10.1&#8243; _module_preset=\u00bbdefault\u00bb min_height=\u00bb1325.1px\u00bb global_colors_info=\u00bb{}\u00bb custom_padding=\u00bb0px|||||\u00bb][et_pb_column type=\u00bb2_5&#8243; _builder_version=\u00bb4.10.1&#8243; _module_preset=\u00bbdefault\u00bb global_colors_info=\u00bb{}\u00bb][et_pb_image src=\u00bbhttps:\/\/ww2.revistalocal.com\/principal\/wp-content\/uploads\/2022\/03\/Ch-M.-C.-Chih-2-scaled.jpg\u00bb title_text=\u00bbCh M. C. Chih-2&#8243; _builder_version=\u00bb4.10.1&#8243; _module_preset=\u00bbdefault\u00bb background_image=\u00bbhttps:\/\/ww2.revistalocal.com\/principal\/wp-content\/uploads\/2022\/03\/Ch-M.-C.-Chih-2-scaled.jpg\u00bb min_height=\u00bb285px\u00bb global_colors_info=\u00bb{}\u00bb][\/et_pb_image][et_pb_image src=\u00bbhttps:\/\/ww2.revistalocal.com\/principal\/wp-content\/uploads\/2022\/05\/img-20160823-095424-largejpg-2.jpg\u00bb title_text=\u00bbimg-20160823-095424-largejpg 2&#8243; _builder_version=\u00bb4.10.1&#8243; _module_preset=\u00bbdefault\u00bb background_image=\u00bbhttps:\/\/ww2.revistalocal.com\/principal\/wp-content\/uploads\/2022\/03\/Ch-M.-C.-Chih-2-scaled.jpg\u00bb min_height=\u00bb285px\u00bb hover_enabled=\u00bb0&#8243; global_colors_info=\u00bb{}\u00bb sticky_enabled=\u00bb0&#8243;][\/et_pb_image][et_pb_image src=\u00bbhttps:\/\/ww2.revistalocal.com\/principal\/wp-content\/uploads\/2022\/03\/Delicias-18-Museo.jpg\u00bb title_text=\u00bbDelicias-18-Museo\u00bb _builder_version=\u00bb4.10.1&#8243; _module_preset=\u00bbdefault\u00bb background_image=\u00bbhttps:\/\/ww2.revistalocal.com\/principal\/wp-content\/uploads\/2022\/03\/Delicias-18-Museo.jpg\u00bb min_height=\u00bb285px\u00bb global_colors_info=\u00bb{}\u00bb][\/et_pb_image][et_pb_image src=\u00bbhttps:\/\/ww2.revistalocal.com\/principal\/wp-content\/uploads\/2022\/05\/Casa-Redonda-scaled.jpg\u00bb title_text=\u00bbCasa Redonda\u00bb _builder_version=\u00bb4.10.1&#8243; _module_preset=\u00bbdefault\u00bb background_image=\u00bbhttps:\/\/ww2.revistalocal.com\/principal\/wp-content\/uploads\/2022\/03\/Ch-Pal-de-Gob-10.jpg\u00bb min_height=\u00bb285px\u00bb hover_enabled=\u00bb0&#8243; global_colors_info=\u00bb{}\u00bb sticky_enabled=\u00bb0&#8243;][\/et_pb_image][et_pb_image src=\u00bbhttps:\/\/ww2.revistalocal.com\/principal\/wp-content\/uploads\/2022\/03\/Ch-Pal-de-Gob-10.jpg\u00bb title_text=\u00bbCh Pal de Gob-10&#8243; _builder_version=\u00bb4.10.1&#8243; _module_preset=\u00bbdefault\u00bb background_image=\u00bbhttps:\/\/ww2.revistalocal.com\/principal\/wp-content\/uploads\/2022\/03\/Ch-Pal-de-Gob-10.jpg\u00bb min_height=\u00bb285px\u00bb hover_enabled=\u00bb0&#8243; global_colors_info=\u00bb{}\u00bb sticky_enabled=\u00bb0&#8243;][\/et_pb_image][et_pb_image src=\u00bbhttps:\/\/ww2.revistalocal.com\/principal\/wp-content\/uploads\/2022\/03\/Ch-Q.-Gameros-1.jpg\u00bb title_text=\u00bbCh Q. Gameros-1&#8243; _builder_version=\u00bb4.10.1&#8243; _module_preset=\u00bbdefault\u00bb background_image=\u00bbhttps:\/\/ww2.revistalocal.com\/principal\/wp-content\/uploads\/2022\/03\/Ch-Q.-Gameros-1.jpg\u00bb min_height=\u00bb285px\u00bb global_colors_info=\u00bb{}\u00bb][\/et_pb_image][\/et_pb_column][et_pb_column type=\u00bb3_5&#8243; _builder_version=\u00bb4.10.1&#8243; _module_preset=\u00bbdefault\u00bb global_colors_info=\u00bb{}\u00bb][et_pb_text _builder_version=\u00bb4.10.1&#8243; _module_preset=\u00bbdefault\u00bb global_colors_info=\u00bb{}\u00bb custom_margin=\u00bb||1px|||\u00bb custom_padding=\u00bb||5px|||\u00bb min_height=\u00bb310px\u00bb]<\/p>\n<p><strong>Museo Casa Chihuahua<\/strong><\/p>\n<div class=\"page\" title=\"Page 15\">\n<div class=\"layoutArea\">\n<div class=\"column\">\n<p><span>Casa Chihuahua, Centro de Patrimonio Cultural y Museo de Sitio Calabozo de Hidalgo es ahora un Museo, el cual hoy en di\u0301a tiene exposiciones permanentes y temporales, actividades arti\u0301sticas,acade\u0301micas y culturales. Tambie\u0301n se conoce como Calabozo de Hidalgo donde fue preso durante la e\u0301poca de la Independencia.<\/span><\/p>\n<p><span><\/span><\/p>\n<\/div>\n<\/div>\n<\/div>\n<div class=\"page\" title=\"Page 15\">\n<div class=\"layoutArea\">\n<div class=\"column\">\n<p><span>Calle Libertad 901, Zona Centro <\/span><\/p>\n<p><span>Tel: 429 3300<\/span><\/p>\n<p><span>10:00-18:00 hrs Mie\u0301rcoles a Lunes.<\/span><\/p>\n<\/div>\n<\/div>\n<\/div>\n<p>&nbsp;<\/p>\n<p>[\/et_pb_text][et_pb_text _builder_version=\u00bb4.10.1&#8243; _module_preset=\u00bbdefault\u00bb global_colors_info=\u00bb{}\u00bb custom_margin=\u00bb5px|||||\u00bb min_height=\u00bb196px\u00bb]<\/p>\n<p><strong>Museo de la Revoluci\u00f3n<\/strong><\/p>\n<div class=\"page\" title=\"Page 15\">\n<div class=\"layoutArea\">\n<div class=\"column\">\n<div class=\"page\" title=\"Page 15\">\n<div class=\"layoutArea\">\n<div class=\"column\">\n<p><span>Esta majestuosa construccio\u0301n de piedra y arcos estilo colonial con un patio central, fue la casa de Pancho Villa, uno de los personajes mas importantes del norte de Me\u0301xico durante la e\u0301poca de la Independencia.<\/span><\/p>\n<\/div>\n<\/div>\n<\/div>\n<p><span><\/span><\/p>\n<\/div>\n<\/div>\n<\/div>\n<div class=\"page\" title=\"Page 15\">\n<div class=\"layoutArea\">\n<div class=\"column\">\n<p><span>Calle Libertad 901, Zona Centro<\/span><\/p>\n<p><span> Tel: 429 3300 <\/span><\/p>\n<p><span>10:00 a 18:00 hrs todos los di\u0301as<\/span><\/p>\n<\/div>\n<\/div>\n<\/div>\n<p>&nbsp;<\/p>\n<p>[\/et_pb_text][et_pb_text _builder_version=\u00bb4.10.1&#8243; _module_preset=\u00bbdefault\u00bb custom_margin=\u00bb69px|||||\u00bb global_colors_info=\u00bb{}\u00bb]<\/p>\n<p><span style=\"font-size: 14px;\"><b>Museo del Desierto Chihuahuense<\/b><\/span><\/p>\n<p><span style=\"font-size: 14px;\">Antiguo colegio jesuita. Lugar de fusilamiento de hidalgo. Los murales de pi\u00f1a Mora resumen la historia del estado desde el siglo xVI hasta la Revoluci\u00f3n.<\/span><\/p>\n<div class=\"page\" title=\"Page 5\">\n<div class=\"section\">\n<div class=\"layoutArea\">\n<div class=\"column\">\n<p><span><\/span><\/p>\n<\/div>\n<\/div>\n<\/div>\n<\/div>\n<div class=\"page\" title=\"Page 5\">\n<div class=\"section\">\n<div class=\"layoutArea\">\n<div class=\"column\">\n<p><span>Calle 7a. Sur y, Av. Nuestra Gente S\/N<\/span><\/p>\n<div class=\"page\" title=\"Page 16\">\n<div class=\"layoutArea\">\n<div class=\"column\">\n<p><span><\/span><\/p>\n<p><span>Tel: 639 125 0452<\/span><\/p>\n<p><span>9:00-16:00 hrs martes a domingo.<\/span><\/p>\n<\/div>\n<\/div>\n<\/div>\n<\/div>\n<\/div>\n<\/div>\n<\/div>\n<p>&nbsp;<\/p>\n<p>[\/et_pb_text][et_pb_text _builder_version=\u00bb4.10.1&#8243; _module_preset=\u00bbdefault\u00bb custom_margin=\u00bb69px|||||\u00bb global_colors_info=\u00bb{}\u00bb]<\/p>\n<p><span style=\"font-size: 14px;\"><b>Museo Casa Redonda<\/b><\/span><\/p>\n<div class=\"page\" title=\"Page 16\">\n<div class=\"layoutArea\">\n<div class=\"column\">\n<p><span>Dentro de el Museo Casa Redonda podra\u0301s encontrar Arte Contempora\u0301neo, y sobre todo la his- toria de este espacio, el cual era una casa de mantenimiento de los medios de transporte del Ferrocarril Central Mexicano, finalizando su construccio\u0301n a finales del siglo XIX.<\/span><\/p>\n<\/div>\n<\/div>\n<\/div>\n<div class=\"page\" title=\"Page 5\">\n<div class=\"section\">\n<div class=\"layoutArea\">\n<div class=\"column\">\n<p><span><\/span><\/p>\n<\/div>\n<\/div>\n<\/div>\n<\/div>\n<div class=\"page\" title=\"Page 5\">\n<div class=\"section\">\n<div class=\"layoutArea\">\n<div class=\"column\">\n<div class=\"page\" title=\"Page 16\"><\/p>\n<div class=\"layoutArea\">\n<div class=\"column\">\n<p><span>Av. Colo\u0301n y Escudero SN Col. Santo Nin\u0303o <\/span><\/p>\n<p><span>Tel: 414 8051 <\/span><\/p>\n<p><span>9:00 a 17:00 hrs Lunes a Viernes<\/span><\/p>\n<\/div>\n<\/div>\n<\/div>\n<div class=\"page\" title=\"Page 16\">\n<div class=\"layoutArea\">\n<div class=\"column\"><\/div>\n<\/div>\n<\/div>\n<\/div>\n<\/div>\n<\/div>\n<\/div>\n<p>&nbsp;<\/p>\n<p>[\/et_pb_text][et_pb_text _builder_version=\u00bb4.10.1&#8243; _module_preset=\u00bbdefault\u00bb custom_margin=\u00bb27px||98px|||\u00bb global_colors_info=\u00bb{}\u00bb]<\/p>\n<p><strong>Palacio de Gobierno<\/strong><\/p>\n<div class=\"page\" title=\"Page 5\">\n<div class=\"section\">\n<div class=\"layoutArea\">\n<div class=\"column\">\n<div class=\"page\" title=\"Page 17\">\n<div class=\"layoutArea\">\n<div class=\"column\">\n<p><span>El Palacio de Gobierno es una bella obra arquitecto\u0301nica del siglo XIX proyectada por el Ing. Pedro Ignacio Irigoyen, fue inaugurado en 1892. En el patio central se encuentra el Altar a la Patria, sitio exacto donde fue fusilado el Padre de la Patria Don Miguel Hidalgo y Costilla. Cuen- ta adema\u0301s con el Museo de la Independencia y la Galeri\u0301a de Armas.<\/span><\/p>\n<\/div>\n<\/div>\n<\/div>\n<p><span><\/span><\/p>\n<\/div>\n<\/div>\n<\/div>\n<\/div>\n<div class=\"page\" title=\"Page 5\">\n<div class=\"section\">\n<div class=\"layoutArea\">\n<div class=\"column\">\n<div class=\"page\" title=\"Page 17\"><\/p>\n<div class=\"layoutArea\">\n<div class=\"column\">\n<p><span>Avenida Venustiano Carranza y Calle Aldama <\/span><\/p>\n<p><span>Tel: 429 3461<\/span><\/p>\n<p><span>9:00 a\u00a0<\/span><span>20:00 hrs todos los di\u0301as<\/span><\/p>\n<\/div>\n<\/div>\n<\/div>\n<p>&nbsp;<\/p>\n<\/div>\n<\/div>\n<\/div>\n<\/div>\n<p>[\/et_pb_text][et_pb_text _builder_version=\u00bb4.10.1&#8243; _module_preset=\u00bbdefault\u00bb custom_margin=\u00bb63px|||||\u00bb global_colors_info=\u00bb{}\u00bb]<\/p>\n<p><span style=\"font-size: 14px;\"><b>Quinta Gameros<\/b><\/span><\/p>\n<div class=\"page\" title=\"Page 3\">\n<div class=\"section\">\n<div class=\"layoutArea\">\n<div class=\"column\">\n<p><span>Finca de estilo neocl\u00e1sico constru\u00edda por Manuel Gameros en 1910, quien nunca la habit\u00f3 debido a que estall\u00f3 la revoluci\u00f3n. alberga exposiciones de arte e impresionante mobiliario estilo art nouveau.<\/span><\/p>\n<p><span><\/span><\/p>\n<\/div>\n<\/div>\n<\/div>\n<\/div>\n<div class=\"page\" title=\"Page 17\"><span style=\"font-size: 14px;\">Paseo Boli\u0301var, Zona Centro <\/span><\/div>\n<div class=\"page\" title=\"Page 17\"><span style=\"font-size: 14px;\">Tel: 614 238 2005 <\/span><\/div>\n<div class=\"page\" title=\"Page 17\"><span style=\"font-size: 14px;\">11:00 a 19:00 hrs Martes a Doming<\/span><\/div>\n<p>&nbsp;<\/p>\n<p>[\/et_pb_text][\/et_pb_column][\/et_pb_row][\/et_pb_section]<\/p>\n","protected":false},"excerpt":{"rendered":"<p>MUSEOSMuseo Casa Chihuahua Casa Chihuahua, Centro de Patrimonio Cultural y Museo de Sitio Calabozo de Hidalgo es ahora un Museo, el cual hoy en di\u0301a tiene exposiciones permanentes y temporales, actividades arti\u0301sticas,acade\u0301micas y culturales. Tambie\u0301n se conoce como Calabozo de Hidalgo donde fue preso durante la e\u0301poca de la Independencia. Calle Libertad 901, Zona Centro [&hellip;]<\/p>\n","protected":false},"author":1,"featured_media":0,"parent":0,"menu_order":0,"comment_status":"closed","ping_status":"closed","template":"","meta":{"_et_pb_use_builder":"on","_et_pb_old_content":"<!-- wp:quote -->\n<blockquote class=\"wp-block-quote\"><p><\/p><\/blockquote>\n<!-- \/wp:quote -->\n\n<!-- wp:paragraph -->\n<p><\/p>\n<!-- \/wp:paragraph -->","_et_gb_content_width":""},"_links":{"self":[{"href":"https:\/\/ww2.revistalocal.com\/principal\/wp-json\/wp\/v2\/pages\/3294"}],"collection":[{"href":"https:\/\/ww2.revistalocal.com\/principal\/wp-json\/wp\/v2\/pages"}],"about":[{"href":"https:\/\/ww2.revistalocal.com\/principal\/wp-json\/wp\/v2\/types\/page"}],"author":[{"embeddable":true,"href":"https:\/\/ww2.revistalocal.com\/principal\/wp-json\/wp\/v2\/users\/1"}],"replies":[{"embeddable":true,"href":"https:\/\/ww2.revistalocal.com\/principal\/wp-json\/wp\/v2\/comments?post=3294"}],"version-history":[{"count":10,"href":"https:\/\/ww2.revistalocal.com\/principal\/wp-json\/wp\/v2\/pages\/3294\/revisions"}],"predecessor-version":[{"id":3568,"href":"https:\/\/ww2.revistalocal.com\/principal\/wp-json\/wp\/v2\/pages\/3294\/revisions\/3568"}],"wp:attachment":[{"href":"https:\/\/ww2.revistalocal.com\/principal\/wp-json\/wp\/v2\/media?parent=3294"}],"curies":[{"name":"wp","href":"https:\/\/api.w.org\/{rel}","templated":true}]}}